 49*u - 8. Calculate g(9).
37
Let c(k) = k**2 - 4*k - 17. What is c(5)?
-12
Let v(x) = -x**2 + x + 5. Give v(3).
-1
Let r(l) = 2*l**2 - 20*l - 13. Give r(11).
9
Let r(y) = -y**3 - y**2 + 5*y - 7. Give r(-3).
-4
Let m(w) = -22*w - 4. Determine m(2).
-48
Let g(r) = 2*r**2 - 19*r + 26. What is g(8)?
2
Let w(s) = -s**2 - 11*s - 23. Determine w(-3).
1
Let n(m) = 2*m**2 - 10*m + 15. Calculate n(8).
63
Let s(c) = -3*c - 3. Give s(1).
-6
Let i(c) = 3*c - 4. What is i(8)?
20
Let p(r) = -r**2 + 7*r + 16. What is p(10)?
-14
Let w(m) = -m**2 - 6*m + 1. Give w(-5).
6
Let f(w) = -w**2 + 3*w - 2. What is f(4)?
-6
Let c(p) = p**3 + 4*p**2 - 4*p + 10. Give c(-5).
5
Let i(a) = 7*a - 7. What is i(7)?
42
Let a(r) = -r**3 + 4*r**2 + 5. Calculate a(4).
5
Let g(r) = r**3 + 11*r**2 - 5*r + 16. What is g(-11)?
71
Let a(h) = h**3 + 7*h**2 - 13*h - 11. Calculate a(-8).
29
Let m(l) = -2*l**2 + l + 11. Give m(-4).
-25
Let i(o) = -o**3 - 3*o**2 + 2*o. Determine i(-3).
-6
Let m(n) = -3*n**3 + n**2 + 9*n - 7. Determine m(3).
-52
Let q(r) = -r**2 - 12*r - 26. What is q(-8)?
6
Let x(f) = f**3 + 37*f**2 + 35*f - 22. Determine x(-36).
14
Let o(m) = m**2 + 10*m + 19. What is o(-6)?
-5
Let i(j) = -10*j - 5. What is i(-7)?
65
Let t(y) = y**3 + 2*y**2 - 6*y - 15. Determine t(3).
12
Let i(g) = -g**3 - 5*g**2 - 5*g - 9. Calculate i(-5).
16
Let v(r) = -r - 12. Determine v(-1).
-11
Let w(h) = -h**3 + 4*h**2 - 2*h + 6. What is w(3)?
9
Let u(l) = l**2 - 7*l. Calculate u(3).
-12
Let r(o) = -5*o**2 + o + 2. Calculate r(-1).
-4
Let d(g) = g**2 + 5*g + 3. Determine d(-5).
3
Let a(r) = -r**3 - 7*r**2 - 3*r - 3. Determine a(-6).
-21
Let u(i) = -8*i - 221. Calculate u(-27).
-5
Let w(t) = t**2 + 5*t - 1. Give w(-2).
-7
Let v(l) = -l**3 + 9*l**2 + 12*l - 19. What is v(8)?
141
Let w(b) = b**3 + 2*b**2 - 2*b - 3. What is w(-4)?
-27
Let r(t) = -t**3 - 13*t**2 - 10*t + 25. What is r(-12)?
1
Let f(q) = -2*q**3 - 10*q**2 + 13*q + 1. What is f(-6)?
-5
Let t(w) = w + 11. Give t(-14).
-3
Let w(c) = -14*c**2 + 546*c. Calculate w(39).
0
Let w(t) = 15*t + 6. Determine w(-1).
-9
Let j(d) = -2*d. What is j(-7)?
14
Let v(x) = 2*x**3 + 6*x**2 - 2*x + 8. Determine v(-5).
-82
Let q(c) = c**3 - 11*c**2 - 10*c + 13. Give q(11).
-97
Let i(o) = o**2 + 6*o + 6. Calculate i(-4).
-2
Let l(x) = x**3 + 6*x**2 + 14*x + 89. Give l(-6).
5
Let h(d) = -20*d**2 - 2*d + 3. Determine h(1).
-19
Let g(p) = -p**3 - 7*p**2 - 7*p + 11. Determine g(-6).
17
Let x(b) = b**3 + 8*b**2 + 25*b + 96. Calculate x(-6).
18
Let f(i) = -i**3 - 5*i**2 - 4*i - 8. Determine f(-4).
-8
Let c(l) = l**2 + 2*l - 14. Determine c(-6).
10
Let v(a) = a + 4. Calculate v(4).
8
Let f(j) = j**3 - j**2 - 11*j + 7. Determine f(-3).
4
Let z(j) = -j**2 + 2*j - 4. Calculate z(0).
-4
Let g(l) = -5*l**3 - 8*l**2 - l + 2. Calculate g(-2).
12
Let r(f) = 6*f + 2. Determine r(6).
38
Let m(u) = 5*u + 20. What is m(5)?
45
Let d(x) = -18*x + 37. Calculate d(-5).
127
Let k(v) = -v**3 - 7*v**2 - 3*v - 16. Determine k(-7).
5
Let d(q) = -q**2 - 4*q + 7. Give d(2).
-5
Let w(o) = -o**2 - 13*o + 4. Calculate w(-13).
4
Let n(y) = -9*y**2 + 8*y - 9. Calculate n(1).
-10
Let o(w) = -9*w + 3. What is o(4)?
-33
Let d(b) = -b**3 - 8*b**2 - 7*b + 2. Calculate d(-5).
-38
Let t(d) = -d**2 - 8*d. Calculate t(-8).
0
Let m(x) = -2*x**3 + 5*x**2 + 2*x - 2. What is m(3)?
-5
Let v(f) = f**2 - 4*f - 3. Give v(5).
2
Let t(u) = 12*u + 424. Calculate t(-36).
-8
Let r(z) = -3*z - 5. Give r(6).
-23
Let x(s) = 4*s - 1. Calculate x(-4).
-17
Let i(g) = g - 1. What is i(-2)?
-3
Let c(p) = 24*p + 142. Give c(-6).
-2
Let o(p) = -p**3 + 9*p**2 + 16*p - 16. Determine o(11).
-82
Let l(a) = a**3 + 11*a**2 + 2*a + 58. Calculate l(-11).
36
Let c(q) = -2*q + 35. Calculate c(21).
-7
Let c(v) = -v**2 + 3*v - 1. What is c(5)?
-11
Let r(v) = -v**3 - v + 46. Determine r(0).
46
Let q(v) = -3*v**2 - 37*v - 7. Give q(-12).
5
Let f(a) = -3*a**3 - 18*a**2 - 22*a - 25. Calculate f(-5).
10
Let t(q) = -3*q**2 - 22*q + 3. What is t(-9)?
-42
Let n(x) = -x**2 - x + 1. What is n(-7)?
-41
Let g(t) = -t**3 + 7*t**2 + 8*t - 30. Give g(7).
26
Let l(s) = -14*s**3 + s**2 - 2*s + 1. Give l(1).
-14
Let m(y) = -6*y - 4. Determine m(-2).
8
Let k(o) = -2*o**2 + 18. Give k(-4).
-14
Let u(r) = 3*r + 18. Determine u(0).
18
Let r(z) = -z + 4. What is r(0)?
4
Let h(r) = r**3 + 3*r**2 + 4*r + 5. What is h(-3)?
-7
Let x(h) = -h**3 + 18*h**2 - 16*h + 21. Determine x(17).
38
Let b(g) = 2*g. Give b(-5).
-10
Let q(b) = b**3 - 11*b**2 - 15*b + 42. Determine q(12).
6
Let j(r) = r - 15. Give j(6).
-9
Let y(q) = q**2 + 7*q + 3. What is y(-9)?
21
Let j(h) = -4*h - 28. Give j(-18).
44
Let w(k) = 2*k**2 - 14*k + 6. Determine w(11).
94
Let i(l) = -2*l**2 - 5*l - 2. Calculate i(-3).
-5
Let x(w) = w**2 + 8*w + 8. Determine x(-8).
8
Let m(r) = r + 20. Give m(-13).
7
Let i(b) = -b + 17. What is i(-10)?
27
Let b(z) = -z**2 + 12*z - 7. Give b(10).
13
Let t(w) = 36*w + 21. What is t(-6)?
-195
Let m(c) = c**2 - 12*c - 7. Give m(9).
-34
Let b(y) = -5*y + 8. Calculate b(3).
-7
Let u(d) = 4*d**2 + 23*d + 9. Calculate u(-6).
15
Let b(l) = -l**3 - 4*l**2 - l - 1. Calculate b(-4).
3
Let i(c) = -c**3 + 21*c**2 + 23*c - 14. Determine i(22).
8
Let z(t) = 2*t**3 + 8*t**2 + 12*t + 47. Calculate z(-4).
-1
Let k(o) = -o**3 - 4*o**2 + 4*o + 5. Give k(-4).
-11
Let u(t) = 3*t**2 + t - 1. Give u(-2).
9
Let v(g) = -g**3 + 18*g**2 + 18*g + 3. Give v(19).
-16
Let x(v) = v - 36. Determine x(33).
-3
Let s(d) = 11*d + 103. Calculate s(0).
103
Let a(w) = -w + 55. Give a(56).
-1
Let r(z) = 150*z + 597. Calculate r(-4).
-3
Let w(r) = 10*r + 79. Give w(-8).
-1
Let k(v) = -v**3 + 5*v - 3. Determine k(3).
-15
Let a(n) = n**3 + 5*n**2 + 6*n + 1. Give a(-4).
-7
Let d(f) = f**2 - 12*f - 3. Calculate d(13).
10
Let j(m) = 6*m**2 + m - 2. Give j(1).
5
Let j(l) = -l**2 - 5*l + 5. Calculate j(-8).
-19
Let m(n) = -n**2 - 9*n. Give m(-9).
0
Let h(w) = -w**3 + 5*w**2 + 5*w + 3. What is h(6)?
-3
Let y(h) = -6*h - 25. Determine y(5).
-55
Let c(f) = -f**3 + f**2 + f - 41. Give c(0).
-41
Let s(a) = -35*a**3 - 3*a**2 + 3*a + 1. What is s(1)?
-34
Let c(n) = n**3 - 7*n**2 + 12*n - 5. Calculate c(4).
-5
Let i(w) = -w**3 - 3*w**2 - 5*w + 3. Give i(-3).
18
Let g(v) = -v**3 - 6*v**2 - 4*v - 3. Give g(-5).
-8
Let c(d) = -d**3 - 11*d**2 + 4*d + 16. Calculate c(-11).
-28
Let r(n) = 2*n**2 - 12*n - 17. Calculate r(8).
15
Let m(s) = -2*s - 48. Determine m(0).
-48
Let f(y) = y**2 - 5*y - 8. What is f(6)?
-2
Let z(p) = -2*p**3 + 2*p**2 - p + 2. Determine z(2).
-8
Let r(z) = -3*z**2 + 4*z + 1. Calculate r(3).
-14
Let r(s) = 32*s - 6. Give r(4).
122
Let v(i) = -3*i + 2. Determine v(3).
-7
Let g(r) = 3*r - 1. What is g(10)?
29
Let d(n) = 9*n - 18. Calculate d(2).
0
Let k(o) = -o**2 - 54*o + 361. What is k(6)?
1
Let q(l) = -l**2 - 2*l + 31. Give q(5).
-4
Let t(j) = -23*j + 506. What is t(22)?
0
Let f(x) = -x**2 + 11*x + 10. Give f(9).
28
Let a(l) = -l**3 - 6*l**2 + 3*l - 1. Determine a(-7).
27
Let v(p) = -4*p + 3. What is v(-1)?
7
Let b(q) = -2*q**2 + 15*q + 12. Give b(9).
-15
Let m(f) = f**3 - 4*f**2 - 9*f + 24. What is m(4)?
-12
Let m(t) = -t**2 - 4*t. Calculate m(-4).
0
Let w(m) = m + 1. Determine w(-7).
-6
Let y(g) = -4*g + 4. Calculate y(3).
-8
Let a(j) = -16*j + 714. Give a(45).
-6
Let t(w) = w**3 - 4*w**2 + 3*w - 2. Determine t(3).
-2
Let t(m) = m**3 + 7*m**2 - m + 2. Calculate t(-6).
44
Let r(x) = x**2 - 23*x - 28. Give r(24).
-4
Let h(y) = -8*y - 6. What is h(-12)?
90
Let b(j) = 6*j + 22. Determine b(-8).
-26
Let v(a) = -a**3 + 4*a**2 + 4*a - 2. Give v(5).
-7
Let w(k) = 8*k + 26. Give w(-5).
-14
Let y(b) = 3*b**2 + 17*b - 20. Calculate y(-8).
36
Let j(a) = a**2 - 6*a - 30. Give j(9).
-3
Let g(i) = -16*i**2 - 75*i + 17. Determine g(-5).
-8
Let c(p) = -p**3 - 4*p**2 + 5*p - 8. Give c(-5).
-8
Let n(c) = c**2 + 38*c + 45. Calculate n(-37).
8
Let s(x) = -7*x**2 + 147*x - 4. What is s(21)?
-4
Let q(m) = -m**3 - 3*m**2 + 26*m - 8. Give q(4).
-16
Let q(v) = v**2 + 3*v + 9. Determine q(8).
97
Let f(d) = d**3 - 3*d**2 - d + 2. Determine f(-1).
-1
Let z(v) = 2*v**2 + 3*v + 3. Calculate z(3).
30
Let y(f) = -f**2 - 8*f + 434. Determine y(-25).
9
Let l(p) = -p + 16. What is l(15)?
1
Let g(x) = x**3 + 7*x**2 - 11. What is g(0)?
-11
Let n(p) = -p**3 - 7*p**2 + 19*p - 8. Calculate n(-9).
-17
Let z(n) = -n - 4. What is z(4)?
-8
Let a(k) =